ber?
False
Let p be 498/(-8) + 1/4. Let m = 181 + p. Is m prime?
False
Let s = -2 - -3. Let q be (-74*s)/(2/(-2)). Let y = -21 + q. Is y composite?
False
Let a be 3*(-964)/(-36)*3. Let m = a + 96. Is m prime?
True
Suppose 4*l = 4512 + 10076. Suppose 5*m - 4*g = l + 98, m = 5*g + 749. Is m a prime number?
False
Let i = -1 - 2. Let y = 1 - i. Is y/10 - (-48)/5 a composite number?
True
Suppose -p = -2*p. Let f(a) = -a**2 + a + 31. Is f(p) composite?
False
Suppose -1364 = 6*c - 2*c. Let i = c - -578. Let o = -122 + i. Is o composite?
True
Suppose -11*z = -948 - 2935. Is z composite?
False
Suppose -5*d = -655 - 1230. Is d prime?
False
Suppose 0 = 4*y - 55 + 3. Let c(o) = -o**2 + 14*o - 11. Is c(y) a composite number?
False
Let z be (6/8)/(1/124). Is z + -5 + (-2)/(-2) composite?
False
Suppose -1173 = -2*k - p, 4*k - 2698 = 3*p - 347. Suppose 0*j = j + 2*w - 115, -4*w = 5*j - k. Is j prime?
False
Suppose -2*p - 4 = -4*p. Suppose -5*t + 14 = 4*i, -2*i - p = -5*t + 6*t. Let s(v) = 9*v**2 - 4*v - 7. Is s(t) a composite number?
False
Let d(w) = 6*w**2 + 14*w - 9. Is d(-11) composite?
False
Suppose -4*u + 711 = -u. Is u a composite number?
True
Let q = 13462 + -4799. Is q a prime number?
True
Let b = 5 - 1. Is b + -5 + -1 + 133 prime?
True
Is (-6)/15 - 5/((-25)/1257) composite?
False
Let g(v) be the second derivative of 7*v**4/12 + 5*v**3/3 - 7*v**2/2 - 4*v. Is g(6) a composite number?
True
Is 256/18 + 8/(-36) composite?
True
Suppose -d = -2*d. Suppose d = -2*a - z + 501, 0 = -4*a + z + 2*z + 1027. Is a a composite number?
True
Suppose -x - 242 = -3*f - 35, -4*x = 0. Suppose 0*s = -3*s + f. Suppose -s = -2*i + 5. Is i composite?
True
Is 187 + 5/(-5) - -1 a prime number?
False
Suppose t = 3*t - z - 526, 0 = -5*t + z + 1321. Is t composite?
True
Let r = -4 + 7. Suppose -r*o - 5*q = -43 - 3, 0 = 5*q + 5. Let f = o + 2. Is f composite?
False
Let x(z) = -z**2 - 23*z - 11. Is x(-14) prime?
False
Suppose 0 = -5*j + 6193 - 963. Is j a composite number?
True
Suppose -5*y + 10 = -0*y. Let n be -1 + (y - 2) - -1. Is 0 - (-2 + 0 + n) a composite number?
False
Is 14/(-91) + 15942/26 a composite number?
False
Let g(l) = -1 - l - 6*l**3 - 6*l**2 + 2 - 3*l**3 - 3*l. Is g(-4) composite?
True
Let f = -11 + 10. Let p be (-10*1)/(1/2). Is 0 + (f - p*21) composite?
False
Suppose -6*j + 2984 + 2278 = 0. Is j prime?
True
Let c be 2/(-2) + 1 - -2. Let q(p) = -p**3 - 2*p**2 - p - 2. Let i be q(-2). Suppose -4*h - 4 = 2*d + c, i = -h - 3. Is d a composite number?
False
Let p(l) = -l + 7. Suppose -j - y - 8 = -2*y, -2*y - 24 = 3*j. Is p(j) prime?
False
Let b be (3 - 1) + (-4572)/(-4). Suppose 3*h + 4*q - 674 = 201, -4*h - q = -b. Suppose -r = 5*z - 730, -2*z + h = 3*r - 4*r. Is z a prime number?
False
Suppose 2*p - 2*k + k = -101, 0 = 3*k - 15. Let u = 355 + p. Is u a prime number?
True
Let m = -37 + 16. Let a = m - -56. Is a composite?
True
Let t be (-15)/(-25) + (-88)/5. Let c = -4 - t. Is c a composite number?
False
Suppose 0*g = 2*g - 1082. Is g prime?
True
Let z(b) = -4*b**3 + 5*b**2 - 2*b + 2. Let i be z(-4). Suppose 0 = -5*q - 16 + i. Suppose -414 + q = -4*f. Is f a prime number?
False
Suppose -a - 3*a = -356. Is a prime?
True
Let t(w) = -w**3 + 6*w**2 - 3*w - 7. Let x be t(5). Let i = 3 - x. Suppose -3*u + 417 = -j + 130, i = -5*u + 4*j + 469. Is u a composite number?
False
Let p(u) = -30*u - 1. Is p(-2) composite?
False
Is 1276/(7 + -3) + 4 composite?
True
Suppose -706 = -3*a - 193. Suppose 4*w + g - a = 40, 0 = 3*w - 4*g - 144. Let x = w - -1. Is x composite?
False
Let b(z) be the third derivative of z**5/20 - z**4/6 - 5*z**3/6 - 3*z**2. Suppose -5*t + 4*q = 2*q - 28, q + 23 = 4*t. Is b(t) prime?
True
Let c(h) be the first derivative of -h**4/12 - 4*h**3/3 - h**2/2 + 2*h + 3. Let a(n) be the first derivative of c(n). Is a(-6) a prime number?
True
Let i(n) = n**3 - 5*n**2 + 4*n - 3. Suppose -3*q = 2*q - 5*j - 40, 0 = 3*j + 15. Let s be i(q). Let x = 20 + s. Is x prime?
True
Let g be (40/(-12) - (0 - 3))*-21. Suppose 2*b - 4*l = -9 - 3, 5*b - 4*l = 0. Suppose 0 = -5*j - g*i + 2*i + 160, 121 = b*j - 3*i. Is j a prime number?
True
Suppose 0 = -0*w + 3*w + 12. Let j be (4 + -10)*2/w. Suppose -194 - 55 = -j*z. Is z a composite number?
False
Let s(i) = i**3 - 7*i**2 - i - 10. Suppose 18 = d + d. Is s(d) composite?
True
Suppose 0*h + 5*h = 0. Suppose h = -c + 5*c - 48. Is 1*(1*c - -1) a prime number?
True
Let b(x) = -x - 6. Let y be ((-19)/(-5) + -3)*-10. Let w be b(y). Suppose j - 159 = -w*j. Is j composite?
False
Suppose -5*k + 11172 = 367. Is k composite?
False
Suppose -3*d + 195 = 63. Let x(r) = -r**3 - 12*r**2 - 8*r + 11. Let j be x(-11). Let u = j + d. Is u prime?
False
Suppose -2*t + 159 = 43. Suppose 3*w + 150 = h - 5*h, -4*w + 203 = -5*h. Let s = t + h. Is s a composite number?
False
Let q be (0 - -2) + 0 - -2. Suppose q*i = 133 + 103. Is i prime?
True
Suppose 0 = 4*j - 2*u - 0*u - 84, -3*j = u - 58. Let f = -1 + 3. Is 372/j - f/(-5) composite?
False
Let q be (3 - 0)*-1 + -2. Is (-3693)/(-5) + (-2)/q prime?
True
Suppose -90 = -14*q + 17*q. Let t be (3/9)/((-1)/(-129)). Let w = t + q. Is w prime?
True
Let i = -5 - -8. Suppose 4*w = 5*g + 1046, -2*w - i*g = w - 771. Is w composite?
True
Suppose 2*h + 4 = 0, -3*o + 2*h = -h - 1395. Is o composite?
False
Let d = -16 - -29. Let j = 188 + d. Is j a composite number?
True
Is 2/(-10)*314*-5 a prime number?
False
Let g(d) be the second derivative of -d**3/6 - d**2/2 + 3*d. Let b be g(-3). Suppose -350 = -4*q + b*i + 4, 2*q + 4*i = 182. Is q a composite number?
False
Let d(b) = b**2 - b - 2. Let n be d(-2). Suppose 5*c - 108 - 1391 = 4*a, 4*c - 1232 = -5*a. Suppose -k + 5*y = -102, y + 0*y = -n*k + c. Is k prime?
False
Let k = 1814 - 1227. Is k composite?
False
Suppose 3 = 2*k - 5. Is ((-199)/2)/((-2)/k) a prime number?
True
Let j = 5295 + -3484. Is j a composite number?
False
Let v = -868 - 800. Is -4*(v/8)/3 composite?
True
Let a(m) = m**3 + 6*m**2 - 5*m - 1. Let j be a(-5). Let n = 9 + j. Suppose -h + n = -4*l + l, 4*l = h - 61. Is h prime?
False
Suppose -5*r - 17 - 2 = g, g = r - 1. Let s(l) be the second derivative of l**4/4 - l**3/3 + 2*l**2 + 2*l. Is s(r) a prime number?
True
Let q(n) = 27*n**2 + 2*n + 3. Let w be q(3). Let p = w - 67. Is p a prime number?
False
Suppose -2*s = -48 - 58. Is s a composite number?
False
Suppose -5*n = -4*d - 270, 4*n + 0*d - 216 = 2*d. Let k = n + -30. Suppose -k = -6*q + 2*q. Is q prime?
False
Suppose 0 = -y - 2*c + 3*c - 25, -4*c - 100 = 4*y. Let v be ((-4)/(-3))/(2/(-72)). Let s = y - v. Is s a prime number?
True
Let p be (-74)/(-14) - 4/14. Suppose -248 = -2*n + 4*w, 2*n = 2*w - p*w + 241. Let a = n - 37. Is a prime?
False
Suppose -16*k + 9763 = -3*k. Is k a composite number?
False
Suppose -2*r = -0*r - 448. Let f = r + -124. Suppose -h + 5*h = f. Is h prime?
False
Suppose 0 = -4*a + a + 393. Let v = a + -71. Let y = v + -25. Is y a prime number?
False
Let j = 23 + -15. Let h = -8 + j. Let m(k) = k**2 + 10. Is m(h) a composite number?
True
Suppose 2*n = 7*n - 40. Suppose -6*a = -n*a + 148. Is a composite?
True
Let m = -3766 + 5501. Is m composite?
True
Is 7249/(-33)*(-6)/(-4)*-2 prime?
True
Let g be (5 - 1)*3/4. Is g - (180/(-2) - -2) prime?
False
Let l(x) = -x**3 + 5*x**2 + 5*x + 3. Let c be l(6). Let g = 2 + c. Is (3 + g - 3) + 24 a prime number?
True
Let z(r) = -r**2 + 10*r - 9. Let f be z(6). Is (52/6 + 1)*f a prime number?
False
Is 178/3 - 5/15 a composite number?
False
Let f = 45 + -21. Suppose -3*q + 1 = -5. Suppose -q*d = -f - 4. Is d prime?
False
Let o(g) = -g**2 - 3*g + 2. Let r be o(-4). Is ((-9)/(-12))/(r/(-296)) a prime number?
False
Is (-145)/(4 - 2 - 3) a prime number?
False
Suppose -s - s - 20 = 0. Let h(c) = -16*c - 1. Is h(s) prime?
False
Let j(u) = -3*u + 4 - 9*u - 2. Suppose 0 = -q, 2*p - 6*p = -5*q + 8. Is j(p) a composite number?
True
Suppose -5*p + 3*z + 524 = 0, p - z = -p + 210. Is p composite?
True
Suppose q - 4*v + 8 = 0, -4*q - v - 4*v = -10. Let l(m) = -4*m**2 + 39 + 7*m**2 - 4*m**2. Is l(q) prime?
False
Let w = -297 - -466. Suppose 0 = 5*n + d - 730, n + 3*d + 9 - w = 0. Is n prime?
False
Is 0 + 1 - (-89 + -7) composite?
False
Suppose 185 = -3*o + 1658. Is o prime?
True
Let r = 4 + 0. Suppose -p - 139 = -5*l, -2*l = -6*l + r*p + 124. Let b = 46 - l. Is b